 n = -982 - -1759. What is the tens digit of n?
7
Suppose 491 = u + 2*p, 2*u + 2*p = 3*u - 487. What is the units digit of u?
9
Suppose -h - 2*i - 15 = -1, 2*i - 34 = h. What is the tens digit of 8/(((-4)/98)/(h/56))?
8
Let u = 755 - -308. What is the tens digit of u?
6
Let r(u) = 71*u - 292. What is the hundreds digit of r(37)?
3
Suppose -3*b - 74 = -4*p, 0 = -4*b - 2*p - 44 - 84. Let c be (-45)/b*16/3. What is the tens digit of 9/36 + 270/c?
3
Let u = -2881 - -5507. What is the units digit of u?
6
Let g be ((-45)/(1 + 2))/1. Let p be (6/4)/(g/(-30)). Suppose p*q + q - 308 = 0. What is the tens digit of q?
7
What is the units digit of 30/(-15)*(-3 - (-1062)/(-4))?
7
What is the units digit of ((-16676)/55)/(2/(-10))?
6
Let y be ((-12)/(-10))/(3/(-10)). Let f(x) = -68*x + 4. Let k be f(2). What is the tens digit of (k/8)/(2/y)?
3
Let p(d) = -d**2 + 10*d - 1. Suppose g + 42 = 5*o, -5*o + g - 4*g + 34 = 0. What is the tens digit of p(o)?
1
Suppose 0 = 3*h + 2*f - 209 - 300, -h - 5*f + 174 = 0. What is the tens digit of h?
6
Suppose 9 = -2*s - l, 22 = 2*s - 7*s - 2*l. Let q be 1/(-2)*s*1. What is the units digit of (9/(-6))/(q/(-12))?
9
Let u(l) = l**3 + 4*l**2 - 2*l - 5. Let t be u(-3). Let v = 76 + t. What is the tens digit of v?
8
Suppose 5*z - 2*f - 125 = 0, 0*f = 5*z - f - 130. Suppose c + z = 77. What is the units digit of c?
0
Suppose 3*j = f + 3826, 3*j + 701 = -5*f + 4557. What is the thousands digit of j?
1
Let g(k) = 26*k**2 - k. What is the units digit of g(-4)?
0
What is the units digit of 8*1680/182 + (-4)/(-26)?
4
Let n be 8/(-7 + 3) - -4. Suppose 0 = 5*h - 3*x - 44, -h + 16 = n*x + x. Suppose 4*s = -3*t + 61, h = -3*t + t. What is the tens digit of s?
1
Let q(m) = -198*m. Let v be q(-1). Suppose 42 = -4*c + v. Let j = c + -24. What is the units digit of j?
5
Suppose 197 = 3*o + 4*j + 38, -o + 4*j = -69. Let y be 82 + 17/(68/24). Let c = y - o. What is the units digit of c?
1
Let r(i) = -i**2 - 11*i + 10. Let l be r(-12). Let q be l/7 - 390/(-91). Suppose 0 = o - 0*o + d - 47, -q*d = -3*o + 176. What is the units digit of o?
2
Let o = 13 - 11. Suppose -2*l - o*z = 14, 6*z - 3*z = -l - 13. Let u(j) = -j**3 - 4*j**2 - j + 3. What is the units digit of u(l)?
7
Let c be -1 - (11/33)/((-2)/6). Suppose -2*w + 4 = -0*w. Suppose -w*t + 8 - 2 = c. What is the units digit of t?
3
Let s(h) = h**2 - 9*h + 1. Let u(z) = 2*z**2 - 18*z + 2. Let l(m) = 5*s(m) - 2*u(m). Let r be l(9). What is the units digit of 4 + -3 + r - -1?
3
Suppose -15*h = -19*h + 80. Suppose -2 = 18*s - h*s. Let f = s - -14. What is the tens digit of f?
1
Let l be 4*(1 + 4/8). Let f = 2 + l. Let s = f - 1. What is the units digit of s?
7
Suppose -32*y + 28*y = 572. What is the tens digit of 22/y - 18*610/(-52)?
1
Suppose -4*m + m = -9. Suppose -17 + 8 = -m*p. What is the units digit of (7 - p)/((-1)/(-5))?
0
What is the units digit of (-2324)/(-498)*(22 - (-2)/(-2))?
8
Let f(o) = -o**3 + 8*o**2 - o + 14. Let c(l) = -l**2 + l. Let p(t) = -5*c(t) - f(t). What is the units digit of p(6)?
0
Let z = 12758 + -8086. What is the units digit of z?
2
Let q(n) = -3*n + 1. Let a be q(2). Let r(o) = -o**3 - 3*o**2 + 2*o + 5. What is the units digit of r(a)?
5
Suppose -4*a - 182 + 46 = 0. Let b = a + 53. What is the tens digit of b?
1
Let y be (-2)/4 - 3/(-6). Suppose o - 57 - 4 = y. What is the tens digit of o?
6
Let n be (-2)/9 + 28/(-36). Let h be n/((-2)/(-6)) - -7. Let b = h + 0. What is the units digit of b?
4
Let i(d) = d - 1. Let o be i(9). Let b(g) = g - 3 - o*g + 2 + 0*g. What is the tens digit of b(-7)?
4
Let i(g) = -g - 5. Let o be i(0). Let a = o - -6. Let k(r) = 27*r**2 + r - 1. What is the tens digit of k(a)?
2
Suppose -3*v + 4857 = 2*a, 696 = -5*v + 5*a + 8816. What is the thousands digit of v?
1
Let v = 39 + -35. What is the units digit of v?
4
Let b(d) = -d**2 - 12*d - 12. Let p be -14 + 9 + 0 + 0. What is the units digit of b(p)?
3
What is the units digit of (3884/10)/(9/(37 + 8))?
2
Suppose -2*h = -x - 7, x = 5*x + 2*h - 22. Suppose 6*p - x*p - 189 = 0. What is the units digit of p?
3
Let o be (-2)/7 + 220/35. Suppose -p - g = -6, -p - 2*g = -2*p - o. Suppose 278 = 4*i + 5*d, -d + 0 = p. What is the units digit of i?
2
Let b be (-138)/(-24) + 6/(-8). Suppose -4*k + 224 = 5*l, k - 75 = -b*l - 4. Let a = k - 29. What is the tens digit of a?
2
Suppose -2*x = -51 - 63. Let q = 109 - x. Let y = -13 + q. What is the tens digit of y?
3
Let s(q) = -8*q + 169. What is the tens digit of s(-32)?
2
Suppose 3*i - 468 = 43*g - 44*g, -5*i - 1474 = -3*g. What is the units digit of g?
3
Suppose -21 = -3*y - 3. Suppose -y*h - 33 = -9*h. Let d = h - 9. What is the units digit of d?
2
Let r = 107 - 265. Let l = -92 - r. What is the units digit of l?
6
Suppose y - 30 = -5*y. Suppose -y*k = 2*d - 68 - 205, -4*d + 540 = 4*k. What is the tens digit of d?
3
Suppose -50 = 6*g - 20. Suppose 0 = -3*z - 4*h - 45, 5*h = -5*z + 3*h - 75. Let x = g - z. What is the units digit of x?
0
Suppose -3*r = -r - 64. Let d be (-2)/10 - (-502)/10. Let b = d - r. What is the tens digit of b?
1
Let l = 152 + -93. Suppose 0 = 3*g + 3, -u + l = -0*u + 4*g. What is the units digit of u?
3
Suppose -35984 = -7*p - 6*p. What is the units digit of p?
8
Let b = 6699 + -3374. What is the hundreds digit of b?
3
Let g = -778 - -1171. What is the tens digit of g?
9
Let k = 259 + -145. Let j = -4 + k. What is the units digit of j?
0
Suppose 3*x = -4*h + 7552, 11*x - 2524 = 10*x - 3*h. What is the units digit of x?
2
Suppose 3*k + u - 131 = 0, -k + 3*u - 6*u + 33 = 0. Suppose 5*w - r + 4*r = k, 4*r = 2*w - 44. What is the units digit of (-8 + w)/(1/2)?
8
Let s = 55 + -55. What is the tens digit of (s - 41)/((-6)/18)?
2
Suppose -2*m + 722 = -54. What is the tens digit of m?
8
Let w(t) = 563*t - 116. What is the thousands digit of w(4)?
2
Suppose 1 = -u + 2, -3*u = -3*t + 846. What is the hundreds digit of t?
2
Suppose -46 = 4*m - 5*f, -f = 3*f + 8. Let k(l) = l**3 + 15*l**2 - l - 15. What is the tens digit of k(m)?
9
Let b(g) = g - 2. Let s be b(7). Suppose -o = -s, j + 3*o = 48 + 29. What is the units digit of j?
2
Suppose 4524 = 2*p + 2*k, 12*k = 2*p + 11*k - 4536. What is the hundreds digit of p?
2
Let d = -18 - -26. Let n be 38/d*(4 - 0). Let p = 27 - n. What is the units digit of p?
8
Let q be ((-6)/15)/((-1)/10). Let m be q/(-5) - 8/(-10). Suppose -2*k + 175 - 49 = m. What is the tens digit of k?
6
Suppose -508 = -4*b + 5*u - 1379, -10 = 2*u. Let r = b - -472. What is the units digit of r?
8
Suppose 892 = -193*v + 189*v. Let r = 354 + v. What is the tens digit of r?
3
Suppose -187 + 8531 = 7*p. What is the tens digit of p?
9
What is the hundreds digit of 3086 + -9*16/24?
0
Let m = -914 + 1850. What is the units digit of m?
6
Let z(r) = 29*r + 12 - 24 + 10. Let h be z(-2). Let v = -43 - h. What is the units digit of v?
7
Let m(s) = s**2 - 4*s. Let o be m(4). Suppose -2*i + 8*i - 342 = o. What is the units digit of i?
7
Let f = 23 + -10. What is the units digit of 1586/f - (-1 + 1)?
2
Suppose 4*p - 4*c - 9884 = 0, -7389 = -3*p - 3*c - 2*c. What is the units digit of 2/12 + -4 + p/24?
9
Let y be 5 + -1 + 4/(-2). Suppose -3*w - y*w = 45. Let l(t) = t**2 + 6*t - 8. What is the units digit of l(w)?
9
Suppose -15*n = -28389 + 4209. What is the thousands digit of n?
1
Suppose 30*m - 82600 = 10*m. What is the hundreds digit of m?
1
Suppose 9*d + 4 = 11*d. Suppose -m = -2*c - d*m + 98, -147 = -3*c + 3*m. What is the units digit of c?
9
Suppose 59*v = -126844 + 409867. What is the tens digit of v?
9
Let u be (-8)/(-32) - 363/(-4). Let x = 139 - u. What is the tens digit of x?
4
Let l(u) = 2*u**3 - 5*u**2 + 8*u - 9. What is the hundreds digit of l(5)?
1
What is the tens digit of ((-26580)/(-20))/(5*3/50)?
3
Let o = 22 - 17. Suppose 0 = 5*f - 4*z - 280, -z = -2*f - o*z + 112. What is the units digit of f?
6
What is the hundreds digit of (-47)/(-282) - (-3574)/12?
2
Let t(b) = -b**3 + 8*b**2 - 7*b - 7. Suppose -17 - 1 = -g. Suppose x - 4*x + g = 0. What is the units digit of t(x)?
3
Suppose 77 = -3*r - 5*j - 30, 3*r - 5*j + 97 = 0. Let b = r - -27. Let q(k) = -k + 24. What is the tens digit of q(b)?
3
Suppose 0 = -2*y - 3*w + 1344, 0*y - 4*w - 3406 = -5*y. What is the tens digit of y?
7
Let g be ((-48)/(-18))/(4/6). Let q be g/(2